ose 15 = -39*d + 56*d - 223. Suppose -4*z + 162 = 54. What is the remainder when z is divided by d?
13
Suppose 0 = -5*f + 4 + 11. Suppose 2*n + 4*t - 7 = f*t, -2*n + 13 = -t. Let y = -15578 + 15616. Calculate the remainder when y is divided by n.
3
Let a(d) = -d**2 + 10*d + 31. Let r be a(11). Let h(f) = 10*f - 114. Calculate the remainder when 170 is divided by h(r).
84
Let q(p) = -p**2 + 177*p + 6913. Calculate the remainder when 2933 is divided by q(-32).
8
Let k = 37 + -45. Let m be k - (3 - 0/(-1)). Let q(i) = -3*i - 11. What is the remainder when 63 is divided by q(m)?
19
Let x = -28 + 60. Let l(s) = 24*s**2 - 12*s - 1. What is the remainder when x is divided by l(1)?
10
Suppose -36 = -7*h + 6*h + 4*d, 72 = 2*h - 4*d. What is the remainder when 226 is divided by (15/(-9))/((-1)/h)?
46
Let u(v) = -4*v**3 + 46*v + 11. What is the remainder when 472 is divided by u(0)?
10
Let d(m) = -m**2 - 156*m - 3626. Calculate the remainder when d(-125) is divided by 25.
24
Suppose -1982 = -2*g - 9*j + 11*j, 2*g = 4*j + 1994. What is the remainder when g is divided by 17?
16
Suppose -5*v + 29*v = 185752 + 466208. What is the remainder when v is divided by 32?
29
Suppose t - 964 = 7*m - 6*m, -t + 5*m + 964 = 0. What is the remainder when t is divided by 316?
16
Calculate the remainder when 272 is divided by (-1 - -48)*(49/(-7) + 8).
37
Let y = 11402 - 3499. What is the remainder when y is divided by 304?
303
Suppose -11*i = 24*i - 280. Suppose -i*y = -556 - 388. Calculate the remainder when y is divided by 35.
13
Let j(z) be the third derivative of -5*z**4/24 - 7*z**3/6 + z**2. Suppose 0 = s + f, -f + 0 = 4*s + 12. What is the remainder when j(s) is divided by 4?
1
Let o(y) = -y**3 - 3*y**2 + 30*y + 16. Let k be o(-7). Let g(c) = -5*c**k - 11*c - 1 + 8*c - 1 + 0 + c**3. Calculate the remainder when g(6) is divided by 9.
7
Let r(b) = -b**3 + 8*b**2 + 10*b - 15. Let q be r(7). Suppose -82 - q = -6*a. What is the remainder when 150 is divided by a?
26
Let l = -2561 - -2586. Suppose -2*s - 2 = 0, 25 = -2*m - 4*s + 77. Calculate the remainder when m is divided by l.
3
Let t(a) = 45*a + 5. Let b be t(1). Suppose 0 = -23*z + 732 + b. What is the remainder when z is divided by 6?
4
Let j(d) be the first derivative of -2*d**2 - 424*d - 5 + 437*d - 6. What is the remainder when 24 is divided by j(2)?
4
Suppose 0 = 2*b + 2*y - 0 - 12, -2*y + 7 = b. Let w = 46278 - 46264. What is the remainder when 752/20 - (-2)/b is divided by w?
10
Let v(l) = 2*l**2 + 101*l - 1133. Calculate the remainder when v(12) is divided by 12.
7
What is the remainder when 938 is divided by 48*4 - (101 + -103)?
162
Suppose -8 = -13*d - 34. Let h be d/(37/(-9) + 4). Suppose -20*a + h*a = -20. What is the remainder when 17 is divided by a?
7
Suppose -18*c + 3207 = -429. What is the remainder when c is divided by 41?
38
Let v = -608 - -1512. Suppose -v = 15*i - 19*i. Calculate the remainder when i is divided by 38/((-1 - 1) + 3).
36
Let o = 13426 + -12622. What is the remainder when o is divided by 103?
83
Let s(k) = 44*k**2 - 10*k + 9. Let v be s(3). Let n = 410 - v. What is the remainder when 66 is divided by n?
31
Let v = 9 - -11. What is the remainder when 3/(((-168)/(-568))/7) - -5 is divided by v?
16
Let u(n) be the third derivative of -11*n**4/12 - 79*n**3/6 + 2*n**2 - 5*n. Calculate the remainder when 70 is divided by u(-4).
7
Suppose 4*n - 55 = 5*r, 3*n - r = 5*n - 31. Let l = -209 + 210. What is the remainder when (-10)/(-20)*(-1 - l*-209) is divided by n?
14
Suppose -16*x + 124 = -522 + 54. Calculate the remainder when 2919 is divided by x.
33
Suppose 175 = 18*f - 77. Let o(w) = 18*w - 222. What is the remainder when 82 is divided by o(f)?
22
Suppose -195*k - 6281 = -206*k. What is the remainder when k is divided by 3?
1
Let v = 6 + -3. Let s(l) = l**3 + 89*l**2 - 102*l - 1068. Calculate the remainder when s(-90) is divided by v.
0
Suppose -4*f - 48 = -0*f. Suppose 394 - 282 = 4*k. What is the remainder when (-644)/(-6) - 8/f is divided by k?
24
Let s(q) = -16*q + 1. Suppose 4*y - 167 = 981. Let g = y + -282. What is the remainder when s(-1) is divided by g?
2
Suppose -3*p - 2*p = -2*l - 11, 0 = -4*l + 8. Let j(t) = 3*t**2 + 2*t - 4. What is the remainder when (3/p)/((-4)/(-248)) is divided by j(-3)?
11
Let i(c) = -c**3 - 9*c**2 - 3*c + 1. Let v be i(-6). Suppose 0*q - 3*q = 3, -4*t + 69 = 3*q. Calculate the remainder when v*2/(-4)*2 is divided by t.
17
Calculate the remainder when ((117468/3)/(-2))/(41/943*-23) is divided by 10.
8
Calculate the remainder when 607 is divided by (0 - 11)*(-6 + 39)/(-11).
13
Let r be ((-128)/(-6))/(22/33). Let w = r - 27. Suppose w*s - 246 = 144. Calculate the remainder when s is divided by 20.
18
Let w = 12 + 81. What is the remainder when w is divided by (34 - -5) + -19 + 29?
44
Let q = 9994 - 4928. Suppose -15*f - 1811 = -q. Calculate the remainder when f is divided by 28.
21
Let u = 41 + 321. Let n = -351 + u. What is the remainder when 15 is divided by n?
4
Let b = 22 + 1. Let c be 6*10/5 + (-21)/3. Suppose 4*z + 11*v - 14 = 8*v, 5 = 3*z + c*v. Calculate the remainder when b is divided by z.
3
Suppose -53*y = 3*v - 52*y - 152, 0 = 4*v - 5*y - 247. What is the remainder when 422 is divided by v?
51
Suppose -21546 + 5710 = -107*y. What is the remainder when 425 is divided by y?
129
Let p(g) = 64*g**2 + 2*g - 3. Suppose 0 = 5*j - 2*u - 1868, -5*j + 1874 = 11*u - 7*u. Calculate the remainder when j is divided by p(1).
59
Suppose -4*f + 140 = -2*h, -2*h + 48 = 3*f - 50. Calculate the remainder when 139 is divided by f.
3
Let l = 175 + -180. What is the remainder when (1508/(-39))/(-1 - l/6) is divided by 47?
44
Let r = 4371 + -3587. What is the remainder when r is divided by 33?
25
Suppose 5*o + m + 205 - 2168 = 0, 3*o + 4*m = 1154. Calculate the remainder when o is divided by 36.
34
Let z be (835/25)/((-5)/(-25)). Suppose 0 = -8*j + 153 + z. Suppose -2*x - 798 = -5*d, -2*x = -3*d + 392 + 90. Calculate the remainder when d is divided by j.
38
Let u = -295 + 328. Suppose 44*n - u = 41*n. Calculate the remainder when 107 is divided by n.
8
Let o = -10773 + 11497. Calculate the remainder when o is divided by 194.
142
Let l(c) = 12*c**2 - 24*c - 4. Suppose 12*u = -2 + 38. What is the remainder when 107 is divided by l(u)?
11
Calculate the remainder when (-99)/(-33)*24/(-54)*-96 is divided by 1.
0
Let q(k) = 28*k + 4. Let b(u) = 27*u + 2. Let r(x) = -4*b(x) + 3*q(x). Let m be r(-2). Let y = m - 51. Calculate the remainder when 3 is divided by y.
0
Let h(m) = m**2 + 52*m - 140. Calculate the remainder when 124 is divided by h(-55).
24
What is the remainder when 538 is divided by 2 + -3 + -2 + 6 - (-1624)/56?
26
Let w = 91 + -90. Let s be w/3*12/4*2. Suppose -s*j = 21 - 33. Calculate the remainder when 13 is divided by j.
1
Suppose 630 = -2069*a + 2079*a. Suppose -t - 4*l + 143 = 0, -4*t - 5*l = -l - 572. Calculate the remainder when t is divided by a.
17
Let y(m) = m**3 - 10*m**2 + m + 7. Let i be y(10). Let f = -14 + i. Calculate the remainder when 84 is divided by (-516)/(-18) - (-1)/f.
26
Let r be 1/(5/(-2520)*-4). Let n = -97 + r. What is the remainder when 114 is divided by n?
27
Let a(o) = o**3 + 17*o**2 + 16*o + 99. Calculate the remainder when 1382 is divided by a(-16).
95
Suppose -747 = -13*b + 64 + 476. What is the remainder when b is divided by 98?
1
Let v be (-36)/(-75)*10 - 4/5. Suppose 5*y - 20 = 4*s, v*y - 17 = 4*s - 1. What is the remainder when y is divided by 2 - (-1 - 2*-1)?
0
Suppose 4*d - 5*m - 146 = 0, 0 = 3*d + 13*m - 18*m - 112. Let o = 517 + -110. What is the remainder when o is divided by d?
33
Suppose 47 = 2*y - 31. Let q be 2338/21 + (-2 - (-2)/3). Suppose t = 12*t - q. What is the remainder when y is divided by t?
9
Suppose 13*g + 30 = 8*g. Let k be ((-1)/(-6)*9)/(g/(-16)). Let z(s) = -s + 6. Calculate the remainder when z(k) is divided by 1.
0
Suppose -268*l + 1694 + 10162 = -21*l. Calculate the remainder when 3789 is divided by l.
45
Suppose -9*s = -703 - 728. Calculate the remainder when s is divided by 24.
15
Suppose 7*q - 188 = 4*q + 4*m, 4*q + 2*m - 236 = 0. Suppose -1195 = -v - 4*v. Calculate the remainder when v is divided by q.
59
Suppose -456*u = -439*u - 23154. Calculate the remainder when u is divided by 228.
222